ctor of 95216 and 88.
88
What is the greatest common factor of 940 and 8507?
47
Calculate the greatest common factor of 82 and 94546.
82
What is the highest common factor of 2043002 and 26?
26
What is the highest common divisor of 6265211 and 327?
109
Calculate the greatest common divisor of 140535 and 2429.
347
What is the greatest common factor of 204 and 52482?
6
Calculate the greatest common factor of 86 and 26015.
43
What is the greatest common factor of 664775 and 725?
25
Calculate the highest common divisor of 50 and 212240.
10
What is the greatest common divisor of 821671 and 199?
199
Calculate the highest common factor of 314 and 20567.
157
What is the highest common factor of 17568 and 34848?
288
Calculate the highest common factor of 130910 and 15080.
130
Calculate the highest common divisor of 366 and 1438014.
366
Calculate the highest common divisor of 112749 and 42.
21
What is the highest common divisor of 254163 and 686?
343
Calculate the highest common divisor of 169592 and 442.
34
What is the highest common divisor of 65454 and 6?
6
Calculate the highest common divisor of 1988802 and 9.
9
What is the highest common divisor of 10604 and 12881?
11
Calculate the highest common divisor of 389353 and 249.
83
What is the highest common divisor of 567327 and 87?
87
What is the highest common divisor of 255 and 2078165?
85
What is the highest common divisor of 7780 and 20?
20
What is the highest common divisor of 910 and 21060?
130
Calculate the greatest common factor of 451 and 18953.
11
Calculate the greatest common divisor of 25 and 106325.
25
Calculate the greatest common divisor of 6890 and 1810.
10
Calculate the highest common divisor of 5885 and 1045.
55
What is the greatest common divisor of 1694 and 2026871?
847
What is the greatest common factor of 10980 and 120?
60
What is the highest common factor of 2660 and 51205?
665
Calculate the highest common divisor of 35 and 14695.
5
What is the greatest common factor of 18 and 430821?
9
Calculate the greatest common divisor of 164 and 183188.
164
What is the greatest common factor of 288923 and 332?
83
What is the greatest common factor of 753 and 39?
3
What is the greatest common divisor of 2143620 and 270?
90
What is the greatest common factor of 4342 and 82?
2
What is the highest common factor of 9454 and 1450?
58
What is the greatest common factor of 3630 and 6292?
242
What is the greatest common divisor of 115320 and 1125?
15
Calculate the greatest common factor of 167167 and 429.
143
Calculate the greatest common factor of 30444 and 8673.
177
Calculate the greatest common divisor of 276368 and 256.
16
What is the greatest common divisor of 148285 and 235?
235
What is the greatest common factor of 209670 and 16530?
870
Calculate the highest common divisor of 2132 and 7462.
1066
Calculate the greatest common factor of 3918 and 114.
6
What is the highest common divisor of 48 and 19248?
48
Calculate the highest common divisor of 86 and 105178.
86
Calculate the greatest common divisor of 5583591 and 9.
9
What is the greatest common factor of 72 and 607788?
36
Calculate the greatest common factor of 8 and 40644.
4
Calculate the highest common factor of 8070712 and 923.
923
Calculate the highest common divisor of 56649 and 207.
69
What is the greatest common factor of 46081 and 1131?
29
Calculate the highest common factor of 65 and 133939.
13
Calculate the greatest common divisor of 1411 and 25993.
17
What is the highest common divisor of 27 and 2973213?
27
Calculate the greatest common factor of 13433 and 43834.
707
Calculate the greatest common divisor of 32 and 160726.
2
What is the highest common factor of 42315 and 60?
15
What is the highest common factor of 2534 and 19800676?
2534
What is the greatest common factor of 3425 and 615815?
685
What is the highest common factor of 33680 and 32?
16
Calculate the greatest common factor of 1456 and 7056.
112
Calculate the highest common factor of 160716 and 12.
12
Calculate the greatest common factor of 28 and 1462412.
28
Calculate the greatest common divisor of 149 and 240337.
149
Calculate the highest common divisor of 14 and 12677.
7
What is the greatest common divisor of 7134 and 2050?
82
Calculate the greatest common factor of 386307 and 144.
9
Calculate the greatest common factor of 22765 and 3480.
145
What is the highest common divisor of 25460 and 12844?
76
What is the greatest common divisor of 1091035 and 913?
913
What is the greatest common divisor of 33698 and 2822?
166
Calculate the highest common divisor of 2226 and 24234.
42
What is the highest common factor of 12642 and 778386?
1806
What is the greatest common divisor of 10775 and 55599?
431
Calculate the greatest common divisor of 61352 and 32.
8
Calculate the highest common factor of 1185 and 11895.
15
What is the greatest common factor of 333266 and 3372?
562
What is the highest common divisor of 3038 and 15407?
217
What is the highest common factor of 69 and 12?
3
Calculate the highest common factor of 334780 and 380.
380
What is the highest common factor of 65 and 263185?
65
What is the greatest common factor of 346 and 34946?
346
Calculate the highest common divisor of 97333 and 262.
131
Calculate the greatest common factor of 438 and 6084.
6
Calculate the greatest common factor of 82 and 356618.
82
What is the greatest common factor of 90979 and 12341?
287
What is the greatest common factor of 2724 and 12588?
12
Calculate the greatest common factor of 2968955 and 506.
253
Calculate the highest common factor of 985736 and 8.
8
Calculate the greatest common factor of 16785 and 19845.
45
Calculate the highest common factor of 12 and 33314.
2
What is the greatest common divisor of 19725 and 750?
75
Calculate the greatest common factor of 49 and 225666.
7
Calculate the highest common divisor of 93779 and 14.
7
What is the greatest common factor of 87 and 574113?
87
What is the highest common factor of 2352 and 3444?
84
What is the greatest common factor of 669698 and 34?
34
What is the greatest common divisor of 15876 and 3564?
324
What is the highest common factor of 926520 and 30?
30
Calculate the greatest common divisor of 520230 and 930.
30
Calculate the greatest common divisor of 3538 and 522.
58
Calculate the greatest common divisor of 245 and 342755.
245
What is the greatest common divisor of 1178 and 80693?
589
Calculate the highest common divisor of 2334771 and 81.
27
What is the highest common factor of 8058648 and 92?
92
Calculate the greatest common factor of 9234 and 16038.
486
What is the greatest common factor of 204 and 9744?
12
What is the highest common divisor of 47 and 66270?
47
What is the greatest common divisor of 3328 and 87529?
13
Calculate the highest common factor of 3 and 11805.
3
Calculate the highest common divisor of 1378 and 702.
26
Calculate the highest common factor of 1254 and 17898.
114
What is the highest common divisor of 21304 and 1688?
8
Calculate the highest common factor of 203 and 4137.
7
What is the greatest common factor of 333707 and 46?
23
What is the highest common divisor of 114856 and 392?
392
Calculate the highest common factor of 591293 and 86.
43
Calculate the greatest common factor of 60 and 212460.
60
Calculate the highest common factor of 15995 and 18760.
35
Calculate the greatest common factor of 428973 and 138.
69
Calculate the greatest common divisor of 123 and 69495.
123
What is the greatest common factor of 184300 and 304?
76
Calculate the greatest common factor of 1869 and 13884.
267
Calculate the greatest common divisor of 228 and 13980.
12
What is the greatest common factor of 1485 and 99?
99
Calculate the greatest common divisor of 7833 and 4412590.
2611
Calculate the greatest common divisor of 18048 and 912.
48
What is the greatest common divisor of 56882 and 12138?
238
What is the highest common divisor of 36 and 2608?
4
What is the greatest common divisor of 75189 and 1917?
213
What is the highest common divisor of 133354 and 1748?
46
What is the highest common factor of 2198 and 223882?
314
What is the highest common factor of 320 and 28400?
80
Calculate the greatest common factor of 2897601 and 1302.
651
Calculate the greatest common factor of 437 and 3097019.
437
Calculate the highest common 